der when u is divided by 6?
4
Let h(s) = 32*s**3 + 2*s**2. Calculate the remainder when h(1) is divided by 11.
1
Suppose -d - 5 = 1. Let q = 10 + d. Suppose -2*n = -q*n + 6. What is the remainder when 8 is divided by n?
2
Suppose 12 = 2*b - 10. Let v = -7 + b. What is the remainder when v is divided by 3?
1
Suppose 2*j + 1 = 5. Suppose -3*o - 19 = 5*g, 3*g + 7 = -o + g. Calculate the remainder when 16/(-3)*o/j is divided by 3.
2
Let b(j) be the first derivative of j**4/4 + 5*j**3/3 - 7*j**2/2 + 7*j - 4. Calculate the remainder when 37 is divided by b(-6).
11
Suppose 5*f = 3*r - 19, 5 + 3 = -4*f. What is the remainder when 7 is divided by r?
1
Suppose -2*x + 6*x - 4*d = 628, -3*d = 3*x - 441. Suppose 0*c - 4*c = -x. What is the remainder when c is divided by (-8)/(-16) + 50/4?
12
Let w = 12 - 7. Let z = w + 4. Suppose -5*c - 4*g = 30 - 155, 2*g + 75 = 3*c. Calculate the remainder when c is divided by z.
7
Suppose -4*o + 276 = 80. What is the remainder when o is divided by 2 - (1/(-2))/((-1)/(-22))?
10
Suppose 3*w - 2*r - 208 = -w, 4*r = 0. What is the remainder when w is divided by 14?
10
Let j = -31 - -53. Let x be (-1 + 9)*(-3)/6. Let l = x + 12. What is the remainder when j is divided by l?
6
Let r = 12 - 6. Let b(x) = x**3 - 5*x**2 + 3*x + 2. Calculate the remainder when b(5) is divided by r.
5
Let b = 20 + -29. Let x = -5 - b. What is the remainder when x is divided by 2?
0
Let k(w) = 4*w - 6. Let o(b) = 5*b - 13. Let u(h) = -2*h + 4. Let y(i) = -3*o(i) - 8*u(i). What is the remainder when k(4) is divided by y(-3)?
2
Let i be (-4)/6 - (-4)/(-3). Suppose 0 = -4*x - 3*p - 438, 2*x + 108 = 2*p - 118. What is the remainder when x/i - 1/2 is divided by 19?
17
Let s(w) = -w**3 - 3*w**2 + 11*w + 6. What is the remainder when 239 is divided by s(-6)?
47
Suppose 0*n + 24 = 2*n. Calculate the remainder when ((-9)/n)/((-3)/12) is divided by 2.
1
Suppose -126 = -2*d + z - 3*z, -d + 75 = -5*z. Calculate the remainder when d is divided by 22.
21
Let v(a) = -10*a - 58. Suppose 0 = 4*c - 2*c - 4. Suppose -5*z + c*o + 10 = 0, -8 = -4*z - 2*o - 0. What is the remainder when v(-6) is divided by z?
0
Suppose -t + 4 + 21 = 0. Suppose 5*q - 16 = 2*m, 0 = 5*m - 0*q - 3*q + 78. Calculate the remainder when t is divided by (3/2)/((-3)/m).
7
Suppose 0*w - 64 = -4*h - 4*w, 4*h - w = 64. What is the remainder when 43 is divided by h?
11
Suppose 4*f - 4 = 3*f. Let h(w) = w**3 - 4*w**2 + 5*w - 6. What is the remainder when 39 is divided by h(f)?
11
Calculate the remainder when (130/3)/((-4)/(-6)) is divided by 22.
21
Suppose 4*w - 3*j - 84 = 0, 2*w + 1 - 43 = 3*j. Suppose -q + 6*q - 205 = 0. Calculate the remainder when q is divided by w.
20
Suppose -9*k = -10*k + 40. Calculate the remainder when k is divided by 14.
12
Suppose -4*g - 4*a = -88, -6 - 14 = 5*a. Calculate the remainder when g is divided by 14.
12
Let s(x) = -1 - 1 - x**2 + 3*x + 0*x. Let v be s(2). Let p = 2 + v. Calculate the remainder when 2 is divided by p.
0
Let f = 3 + -5. Calculate the remainder when f/7 - (-111)/21 is divided by 2.
1
Suppose 3*m + 136 = 7*m. What is the remainder when 133 is divided by m?
31
Calculate the remainder when -1 + (15 - 1) - 1 is divided by (-46)/(-161) + (-47)/(-7).
5
Let i(o) = 5*o - 17. Let n = -21 - -34. What is the remainder when i(n) is divided by 25?
23
Suppose 3*m + r - 18 = 2*m, m = -3*r + 26. What is the remainder when 81 is divided by m?
11
Suppose 0*b + 45 = 5*b. What is the remainder when b is divided by 6?
3
Let a be (-1)/5 - 1/(-5). Suppose a = -d - 3*d + 140. Calculate the remainder when d is divided by 12.
11
Let m(h) = h**3 + 5*h**2 + 2*h + 15. Calculate the remainder when m(-4) is divided by 12.
11
Suppose 5*s = 96 + 234. Calculate the remainder when s is divided by 23.
20
Let p = 11 - 8. Let j be (p/(-3))/(-2 - -1). Calculate the remainder when (j/(-2))/((-1)/64) is divided by 11.
10
Let k(a) = 7*a - 78. Calculate the remainder when 153 is divided by k(13).
10
Suppose -23 = -5*o + 62. Let s be (0*3/(-6))/(-1). Suppose s*g = g - 48. Calculate the remainder when g is divided by o.
14
Calculate the remainder when (-556)/(-9) - (4/(-18) + 0) is divided by 16.
14
Let s be (0 - 0) + -6 + 10. Let m(a) = 2*a + 3. Suppose 3*o - 5*o + 62 = 0. What is the remainder when o is divided by m(s)?
9
Suppose 2*q + 7 = -5. Let f(o) = -4*o - 10. What is the remainder when 27 is divided by f(q)?
13
Let h(c) = c**2 + 7*c - 16. What is the remainder when h(-11) is divided by 6?
4
Suppose -3*h + f + 121 = 0, h + 148 = 5*h + 2*f. What is the remainder when h is divided by 14?
11
Let c(z) = -z + 2. Let i be c(2). Suppose i*s = -s + 2. Let u(k) = 3*k**2 - k - 1. What is the remainder when u(s) is divided by 5?
4
Suppose -192 = -2*x - 56. Suppose 3*a + 4*r = 55, -4*a + 0*r - 4*r + x = 0. What is the remainder when 36 is divided by a?
10
Let w(r) = r**3 - 8*r**2 + 2*r - 2. Let d be ((-8)/10)/(2/(-20)). Let o be w(d). Let i = -5 + o. Calculate the remainder when 34 is divided by i.
7
Suppose -4*a = 4*l + 56, 0*a - l = 2*a + 27. Let c = a + 25. Let k(s) = s**3 + s**2 + s + 23. What is the remainder when k(0) is divided by c?
11
Suppose n = -0*n - 5*f + 5, n + 2*f - 20 = 0. Calculate the remainder when n is divided by 11.
8
Suppose -3*g + 4*j = -62, 6*g - 4*g = 3*j + 41. What is the remainder when 85 is divided by g?
19
Let o(p) = p**2 - 3. Calculate the remainder when o(3) is divided by 4.
2
Suppose -2*x + 28 = -4*b, -5*x + 2*x - 3*b + 6 = 0. Suppose -3*j - 10 - 22 = -2*u, -3*u - j = -26. What is the remainder when u is divided by x?
4
Calculate the remainder when 648/36*-1*14/(-6) is divided by 18.
6
Let m(a) = a**2 + 2*a + 10. Let x be m(5). Calculate the remainder when 78 is divided by x*(-2 - 26/(-10)).
24
Let v = -25 + 39. Calculate the remainder when 68 is divided by v.
12
Suppose 0 = 3*a + f - 97 + 19, 0 = -a - 3*f + 18. Calculate the remainder when 79 is divided by a.
25
Let n be 6/3*(-4 - 2). Let h = n - -20. Calculate the remainder when (-5)/2*h/(-10) is divided by 1.
0
Suppose -u - a = 8 - 29, 15 = 3*a. Calculate the remainder when 56 is divided by u.
8
Let m be (-1)/2 - 10/(-4). Suppose 1 = -m*k - 7. What is the remainder when 14*1 - (k + 2) is divided by 6?
4
Suppose -s - 33 = -0*s + 3*j, -5*s - 165 = -5*j. Let a = 49 + s. What is the remainder when 63 is divided by a?
15
Let r be (-1)/4 - 161/28. Calculate the remainder when 6*(99/r)/(-3) is divided by 17.
16
Suppose 3*x - 8 = -2*j, 3*j + 5*x = -0 + 12. Let k(h) = h**2 - 5*h + 4. Let i be k(4). Let z = i - -6. What is the remainder when z is divided by j?
2
Let w(a) = a**3 + 6*a**2 - 5*a - 7. Suppose -6*z + 10*z = -24. What is the remainder when w(z) is divided by 6?
5
Let a(h) = -3*h. Let f be a(-2). What is the remainder when (22/(-6))/((-1)/f) is divided by 34/4 - (-4)/(-8)?
6
Calculate the remainder when 26 is divided by 11 - (3 - (7 + 0)).
11
Let h(j) = j**2 - j - 1. Calculate the remainder when 85 is divided by h(-3).
8
Let l(x) = 3*x**3 - 1. Let j be l(1). Calculate the remainder when j/((-3)/((-42)/4)) is divided by 2.
1
Suppose 5*g - 28 = -r, -13 = -5*r - g + 127. Suppose 2*o - 4*o = -16. What is the remainder when r is divided by ((-90)/(-24))/(3/o)?
8
Let o = 115 - 81. Suppose q - 5*q + 4*d = -12, -3*q - 4*d + 9 = 0. Calculate the remainder when o is divided by (-98)/(-8) - q/12.
10
Calculate the remainder when 98 is divided by (-14)/4*360/(-63).
18
Calculate the remainder when (-7)/(((-4)/14)/2) is divided by 52/8*(3 + -1).
10
Let k(c) = -c**3 - c**2 - c + 50. Let y be k(0). Suppose 14 = r + 4*j - 75, 4*r - 339 = j. Let h = r - y. What is the remainder when h is divided by 12?
11
Suppose 5*x - x - 58 = 3*k, k = -5*x + 82. Calculate the remainder when 63 is divided by x.
15
Suppose 181 - 1045 = -4*y. Suppose -3*a = -a - 5*v - 100, -5*a + 4*v + y = 0. What is the remainder when a is divided by 21?
19
Let v = 18 + -7. What is the remainder when 51 is divided by v?
7
Suppose -w + 3*m + 2 = -39, 5*m = 3*w - 143. Suppose w = 5*t - 114. Let h(x) = 3*x**3 - 3*x**2 + x - 2. What is the remainder when t is divided by h(2)?
10
Let i = 68 - 55. Suppose 2*m - 91 = 9. What is the remainder when m is divided by i?
11
Let h = -5 - -17. What is the remainder when (-5)/15 + 100/3 is divided by h?
9
Suppose -3*s - 33 = 